92.
44
What is the remainder when 705659 is divided by 1140?
1139
What is the remainder when 15063 is divided by 4376?
1935
What is the remainder when 27811648 is divided by 15?
13
What is the remainder when 122548470 is divided by 24509686?
40
What is the remainder when 545440 is divided by 136359?
4
Calculate the remainder when 318599336 is divided by 366.
362
What is the remainder when 498052 is divided by 48897?
9082
Calculate the remainder when 76361 is divided by 25402.
155
What is the remainder when 73317274 is divided by 484?
470
What is the remainder when 31716724 is divided by 1063?
1056
What is the remainder when 715239 is divided by 5280?
2439
Calculate the remainder when 1471155 is divided by 312.
75
What is the remainder when 685379 is divided by 360?
299
Calculate the remainder when 149724 is divided by 387.
342
Calculate the remainder when 19801935 is divided by 380806.
23
What is the remainder when 9872831 is divided by 64?
63
Calculate the remainder when 21865969 is divided by 103.
99
What is the remainder when 201739 is divided by 5452?
15
What is the remainder when 811715 is divided by 405700?
315
What is the remainder when 51418 is divided by 3639?
472
What is the remainder when 588912 is divided by 352?
16
Calculate the remainder when 862941 is divided by 1607.
1589
Calculate the remainder when 408220 is divided by 407502.
718
Calculate the remainder when 11820602 is divided by 59700.
2
Calculate the remainder when 132231 is divided by 1017.
21
What is the remainder when 46872117 is divided by 1874884?
17
What is the remainder when 4031809 is divided by 90?
79
Calculate the remainder when 7561505 is divided by 41.
39
Calculate the remainder when 1747641 is divided by 317.
20
Calculate the remainder when 1586372 is divided by 102.
68
Calculate the remainder when 2690925 is divided by 812.
769
What is the remainder when 412387 is divided by 6180?
4507
Calculate the remainder when 1943824644 is divided by 12514.
12510
Calculate the remainder when 871803 is divided by 105.
93
What is the remainder when 61804053 is divided by 1284?
1281
Calculate the remainder when 1335554 is divided by 5040.
4994
What is the remainder when 250299 is divided by 1159?
1114
What is the remainder when 1105591 is divided by 729?
427
Calculate the remainder when 321046 is divided by 184.
150
Calculate the remainder when 37547 is divided by 807.
425
Calculate the remainder when 2959167 is divided by 7.
1
Calculate the remainder when 24970 is divided by 853.
233
Calculate the remainder when 4870809 is divided by 442800.
9
What is the remainder when 3376027 is divided by 844004?
11
Calculate the remainder when 356974 is divided by 74.
72
Calculate the remainder when 3464150 is divided by 1975.
0
Calculate the remainder when 50722 is divided by 16893.
43
What is the remainder when 297971 is divided by 65?
11
Calculate the remainder when 7268418 is divided by 15732.
234
What is the remainder when 9710 is divided by 994?
764
Calculate the remainder when 639052 is divided by 26.
24
What is the remainder when 37446 is divided by 37403?
43
Calculate the remainder when 2108718 is divided by 347.
346
Calculate the remainder when 77339383 is divided by 137.
6
What is the remainder when 3748 is divided by 1280?
1188
Calculate the remainder when 1227729 is divided by 969.
6
Calculate the remainder when 6818503 is divided by 202.
195
What is the remainder when 589878 is divided by 29461?
658
What is the remainder when 891706 is divided by 4846?
42
Calculate the remainder when 70618391 is divided by 1992.
1991
Calculate the remainder when 22876 is divided by 22849.
27
What is the remainder when 2758410 is divided by 15410?
20
Calculate the remainder when 324243 is divided by 20265.
3
Calculate the remainder when 9537930 is divided by 26568.
18
What is the remainder when 65029 is divided by 21631?
136
Calculate the remainder when 18821479 is divided by 6.
1
Calculate the remainder when 81863 is divided by 87.
83
What is the remainder when 525529 is divided by 1921?
1096
What is the remainder when 1394034 is divided by 63364?
26
What is the remainder when 1645190 is divided by 4165?
15
What is the remainder when 9691632 is divided by 4845810?
12
What is the remainder when 101721282 is divided by 381?
378
Calculate the remainder when 445625 is divided by 210.
5
Calculate the remainder when 1910649 is divided by 4563.
3315
What is the remainder when 2624438 is divided by 62483?
152
What is the remainder when 26203941 is divided by 77?
71
What is the remainder when 1618844 is divided by 32?
28
What is the remainder when 42970475 is divided by 1597?
1593
Calculate the remainder when 240127 is divided by 80032.
31
What is the remainder when 1715902 is divided by 8454?
8194
What is the remainder when 242155263 is divided by 779?
776
Calculate the remainder when 435881 is divided by 12096.
425
Calculate the remainder when 4330550 is divided by 2486.
2424
What is the remainder when 378940 is divided by 18947?
0
What is the remainder when 12275 is divided by 250?
25
What is the remainder when 50529460 is divided by 37?
3
What is the remainder when 20644 is divided by 10216?
212
What is the remainder when 10190858 is divided by 1685?
1663
What is the remainder when 61582 is divided by 180?
22
What is the remainder when 3236381 is divided by 1305?
1286
Calculate the remainder when 5502949 is divided by 1415.
14
Calculate the remainder when 1347608 is divided by 6016.
24
Calculate the remainder when 309336 is divided by 5947.
92
Calculate the remainder when 353913 is divided by 2493.
2400
Calculate the remainder when 368429 is divided by 2636.
2025
What is the remainder when 123980 is divided by 123406?
574
What is the remainder when 171285 is divided by 2273?
810
Calculate the remainder when 643487 is divided by 1371.
488
What is the remainder when 27837607 is divided by 4?
3
Calculate the remainder when 9087007 is divided by 718.
717
What is the remainder when 440312 is divided by 3491?
446
Calculate the remainder when 24530 is divided by 1902.
1706
Calculate the remainder when 12519 is divided by 6000.
519
What is the remainder when 912057 is divided by 1437?
999
Calculate the remainder when 18165963 is divided by 243.
12
What is the remainder when 694568 is divided by 12403?
0
What is the remainder when 97420 is divided by 10815?
85
What is the remainder when 481603 is divided by 3163?
827
What is the remainder when 1163390 is divided by 288806?
8166
What is the remainder when 832571588 is divided by 623?
618
Calculate the remainder when 105354689 is divided by 105.
104
Calculate the remainder when 7065244 is divided by 133302.
238
Calculate the remainder when 1020424 is divided by 28345.
4
What is the remainder when 2455550 is divided by 31?
9
Calculate the remainder when 33274 is divided by 622.
308
Calculate the remainder when 9970783 is divided by 15387.
7
What is the remainder when 17319 is divided by 1817?
966
Calculate the remainder when 572931 is divided by 27.
18
Calculate the remainder when 970189 is divided by 247.
220
Calculate the remainder when 59509711 is divided by 19836569.
4
What is the remainder when 372693 is divided by 41153?
2316
What is the remainder when 1631698 is divided by 84?
82
Calculate the remainder when 15110107 is divided by 4.
3
What is the remainder when 36656 is divided by 441?
53
Calculate the remainder when 21199594 is divided by 55.
9
What is the remainder when 29674571 is divided by 494576?
11
What is the remainder when 13598384 is divided by 2719676?
4
Calculate the remainder when 40959 is divided by 10146.
375
What is the remainder when 7343847 is divided by 2036?
2031
Calculate the remainder when 32985853 is divided by 16.
13
What is the remainder when 1609554 is divided by 40237?
74
What is the remainder when 11402684 is divided by 518?
468
What is the remainder when 55688038 is divided by 104?
94
Calculate the remainder when 19125789 is divided by 47341.
25
What is the remainder when 407216 is divided by 101709?
380
What is the remainder when 57617401 is divided by 447?
442
Calculate the remainder when 2702096 is divided by 900696.
8
What is the remainder when 627550 is divided by 259?
252
What is the remainder when 6901170 